133*t + 28. Calculate w(-22).
6
Let l(a) = 2*a**2 - 4*a + 20. Determine l(4).
36
Let m(z) = -2*z**2 + 38*z - 47. Calculate m(17).
21
Let q(w) = w**3 + 11*w**2 + 6*w + 412. Determine q(-13).
-4
Let c(p) = -13*p - 314. Determine c(-19).
-67
Let b(r) = 41*r - 1194. Give b(47).
733
Let c(b) = -2*b**3 + 25*b**2 - 15*b + 809. What is c(14)?
11
Let u(z) = 5*z**3 - 129*z**2 - 30*z + 25. Calculate u(26).
-79
Let t(o) = -o**2 - 71*o - 691. Calculate t(-68).
-487
Let h(m) = -7*m + 167. Calculate h(27).
-22
Let g(k) = k**3 - 8*k**2 + 18*k - 35. Determine g(6).
1
Let t(q) = -180*q**2 + 12060*q - 7. Calculate t(67).
-7
Let g(d) = 5*d**2 + 65*d - 13. Calculate g(-13).
-13
Let h(b) = -33*b + 3403. What is h(102)?
37
Let q(u) = -22*u + 879. Calculate q(39).
21
Let o(c) = -c**3 + 9*c**2 + 66*c - 3. What is o(-6)?
141
Let v(r) = -190*r - 1213. Determine v(-6).
-73
Let t(a) = 2*a + 11. Give t(16).
43
Let x(u) = 8*u - 227. Determine x(38).
77
Let f(c) = -8*c + 164. Give f(19).
12
Let s(n) = -606*n + 7870. Calculate s(13).
-8
Let g(f) = -f**2 - 36*f - 261. Determine g(-18).
63
Let x(m) = -4*m**2 + 76*m + 22. Calculate x(19).
22
Let k(v) = v**2 + 1449*v - 16059. Calculate k(11).
1
Let w(q) = -172*q - 1233. Calculate w(-7).
-29
Let z(u) = -u - 174. Determine z(-15).
-159
Let k(t) = 142*t + 699. Determine k(-4).
131
Let l(h) = -26*h + 1052. Give l(-7).
1234
Let d(p) = -37*p + 380. Determine d(9).
47
Let x(s) = -15*s + 66. What is x(-10)?
216
Let d(f) = -1480*f - 75476. What is d(-51)?
4
Let q(h) = 217*h - 6293. Calculate q(29).
0
Let o(j) = 307*j - 2302. Determine o(9).
461
Let b(h) = -h**3 - 5*h**2 + 35*h + 168. Calculate b(-7).
21
Let q(v) = -188*v + 3389. Calculate q(18).
5
Let t(s) = 2*s**2 + 8*s - 276. Calculate t(0).
-276
Let y(v) = -v**2 + 22*v - 80. Give y(17).
5
Let a(h) = -65*h**2 + 5*h - 8. Determine a(2).
-258
Let g(t) = 179*t + 3759. Calculate g(-21).
0
Let m(u) = 10*u - 39. Give m(5).
11
Let h(l) = 11*l + 70. What is h(-6)?
4
Let l(c) = -27*c**3 + c**2 + 2. Determine l(3).
-718
Let r(s) = -2*s**2 + 17*s + 99. Determine r(13).
-18
Let c(y) = 3*y**2 - 9*y - 689. Calculate c(17).
25
Let a(r) = r**3 - 46*r**2 - 61*r + 2829. Calculate a(46).
23
Let b(t) = 2*t**2 - 2*t - 42. Calculate b(16).
438
Let w(u) = u**2 - 1423*u - 49525. What is w(-34)?
13
Let a(k) = 441*k + 75. Determine a(0).
75
Let o(m) = 3*m**2 - 40*m + 464. What is o(10)?
364
Let f(m) = -m**3 + 21*m**2 - 40*m + 13. Give f(19).
-25
Let l(w) = 4*w**2 + 111*w - 260. Give l(-29).
-115
Let a(p) = 191*p - 5162. Determine a(27).
-5
Let g(n) = -1344*n - 5377. What is g(-4)?
-1
Let l(p) = 7*p**2 + 262*p + 363. Determine l(-36).
3
Let r(s) = -144*s - 730. Determine r(-5).
-10
Let x(b) = -b**3 - 7*b**2 + 74*b - 25. Calculate x(8).
-393
Let u(t) = 450*t - 2627. Give u(6).
73
Let r(q) = 2*q**3 - 8*q**2 - 462*q + 1861. What is r(4)?
13
Let d(f) = f**2 + 594*f + 3517. Calculate d(-6).
-11
Let r(w) = -w**2 - 70*w - 18. What is r(0)?
-18
Let a(n) = 129*n - 2317. Give a(18).
5
Let r(q) = -q**2 + 134*q - 268. Determine r(2).
-4
Let y(k) = -900*k - 40. Give y(1).
-940
Let z(g) = 3205*g - 3174. Determine z(1).
31
Let r(q) = -q**3 - 8*q**2 + 16*q + 2. Calculate r(-7).
-159
Let n(b) = 2*b**2 - 193*b + 4078. Determine n(31).
17
Let o(i) = 18*i**2 + 114*i - 11. Give o(-7).
73
Let a(n) = n**3 + 18*n**2 - 48. What is a(-7)?
491
Let h(a) = 3*a - 12. Determine h(24).
60
Let i(n) = -n**3 + 24*n**2 - 3*n - 9. What is i(24)?
-81
Let l(z) = -z**2 - 201*z - 5415. What is l(-32)?
-7
Let o(u) = 131*u - 985. Determine o(6).
-199
Let i(v) = v**2 + 36*v + 215. Calculate i(-25).
-60
Let c(p) = -270*p + 5663. What is c(21)?
-7
Let m(v) = -2*v**3 + 18*v**2 + 135*v + 133. Calculate m(-4).
9
Let b(r) = -6*r**2 + 10*r + 32. Calculate b(-6).
-244
Let k(z) = -2*z**3 + 8*z**2 + 642*z - 10. What is k(20)?
30
Let d(h) = 237*h**2 - 1318*h - 617. What is d(6)?
7
Let n(o) = -o**3 + 43*o**2 - 46*o + 92. Give n(42).
-76
Let i(s) = -s**3 - 2*s**2 - 213*s + 670. Calculate i(3).
-14
Let b(m) = 30*m + 575. What is b(-42)?
-685
Let b(p) = -2*p**3 + 3*p**2 + 66*p + 1. Give b(0).
1
Let l(h) = -h**3 + 63*h**2 + 111*h + 5698. Calculate l(66).
-44
Let y(x) = -2*x**3 + 7*x**2 - 1085*x + 3251. What is y(3)?
5
Let k(h) = 2*h**2 + 168*h + 158. Determine k(-83).
-8
Let z(h) = -91*h - 6287. Calculate z(-69).
-8
Let f(x) = -2*x**3 + 6*x**2 - 18*x + 42. Determine f(3).
-12
Let d(f) = 10*f**2 + 77*f - 9. Determine d(-8).
15
Let x(p) = -4*p**2 + 301*p + 229. Calculate x(76).
1
Let a(s) = s**3 + 23*s**2 + 22*s - 22. Give a(-22).
-22
Let c(z) = 73*z + 395. Give c(-15).
-700
Let j(z) = -1169*z - 5836. Determine j(-5).
9
Let l(b) = b**3 - 6*b**2 - 105*b - 81. What is l(14)?
17
Let s(j) = 12*j**3 + 48*j**2 + 80*j + 317. What is s(-4)?
-3
Let s(p) = -128*p - 2068. Determine s(-16).
-20
Let l(v) = -3*v**2 + 2*v + 76. Determine l(-6).
-44
Let b(i) = i**3 + i**2 + 6*i + 71. Determine b(-4).
-1
Let g(k) = 4*k**2 - 12*k + 13. What is g(2)?
5
Let z(y) = -y**3 - 82*y**2 + 347*y - 6. What is z(4)?
6
Let d(f) = 35*f + 300. What is d(-9)?
-15
Let g(m) = 5*m**3 - 21*m**2 - 50*m - 45. What is g(6)?
-21
Let i(d) = 22*d + 1381. Give i(-60).
61
Let f(d) = 4*d**2 - 22*d - 203. Calculate f(-5).
7
Let q(c) = -c**3 - 2*c**2 - 4*c + 25. Calculate q(-6).
193
Let k(u) = -11*u**2 + 141*u - 37. Determine k(19).
-1329
Let l(g) = 32*g**2 - 7*g + 13. Give l(3).
280
Let z(b) = -46*b - 1243. Calculate z(-27).
-1
Let f(i) = -i**3 + 113*i**2 - 245*i + 2552. What is f(111)?
-1
Let d(h) = h**2 + 20*h - 387. Give d(12).
-3
Let k(j) = -3*j**2 + 90*j - 204. Give k(27).
39
Let r(v) = 5*v**2 + 20*v + 17. What is r(-7)?
122
Let j(n) = -97*n**3 - 5*n**2 - 3*n. Give j(-1).
95
Let i(h) = -5*h**2 + 48*h - 25. Calculate i(7).
66
Let c(b) = b**3 + 9*b**2 + 21*b + 12. Calculate c(-7).
-37
Let y(n) = n**3 - 24*n**2 + 90*n + 85. Give y(19).
-10
Let v(n) = -n**3 + n**2 + 16*n - 1. Calculate v(-5).
69
Let v(u) = -30*u**2 + 6*u - 10. What is v(2)?
-118
Let c(a) = -a**2 - 25*a + 330. Determine c(-36).
-66
Let g(m) = -3*m**2 + 92*m - 160. Determine g(26).
204
Let o(i) = -3*i**2 + 182*i - 1367. Determine o(8).
-103
Let f(c) = 12*c**3 - 13*c**2 + 4*c + 5. Determine f(1).
8
Let u(s) = 172*s**3 + 2*s - 3. Calculate u(1).
171
Let f(a) = 2*a**2 - 27*a + 66. Give f(7).
-25
Let p(f) = -f**3 - 28*f**2 + 120*f - 262. Determine p(-32).
-6
Let i(a) = -a**2 + 20*a - 6. Give i(19).
13
Let u(x) = 6*x**2 + 259*x + 544. Determine u(-41).
11
Let m(s) = 6*s**3 - 35*s**2 - 8*s - 2. Calculate m(-3).
-455
Let y(z) = z**2 - 8*z - 2. Calculate y(7).
-9
Let v(o) = 6*o**2 - 30*o - 2043. Calculate v(-16).
-27
Let k(u) = -256*u - 245. Give k(-1).
11
Let o(x) = 89*x**2 + x - 1. Determine o(-1).
87
Let o(p) = 18*p**3 - p**2 + 13*p + 11. Determine o(-1).
-21
Let y(a) = -103*a**2 - 389*a + 9. What is y(-4)?
-83
Let t(w) = 119*w**3 - 3*w**2 - w + 1. Determine t(1).
116
Let t(u) = -u**2 - 22*u - 8. What is t(-3)?
49
Let g(v) = 5*v**2 + 53*v + 151. Give g(-13).
307
Let l(y) = -10*y**3 - 42*y**2 - 40*y + 1. Calculate l(-1).
9
Let c(v) = -v**3 + 61*v**2 - 63*v + 180. Give c(60).
0
Let h(r) = 2*r**3 - 98*r**2 - 3*r + 153. Give h(49).
6
Let d(b) = b**2 + 38*b + 195. What is d(-32)?
3
Let y(q) = -99*q - 181. What is y(-2)?
17
Let s(o) = -863*o + 2604. What is s(3)?
15
Let p(d) = -3311*d - 19869. Calculate p(-6).
-3
Let g(k) = k**2 + 5*k - 18. Calculate g(-6).
-12
Let r(d) = -3*d**3 - 664*d**2 - 1525*d + 1756. Calculate r(-219).
4
Let s(p) = p**2 + 193*p - 65. Determine s(0).
-65
Let t(c) = 31*c**2 + 150*c + 1. Calculate t(-5).
26
Let x(i) = -3*i**2 - 301*i - 4339. Calculate x(-83).
-23
Let n(c) = 11*c - 358. Give n(19).
-149
Let v(q) = q**2 + 74*q + 1008. Give v(-18).
0
Let a(m) = 301*m + 28. What is a(0)?
28
Let f(a) = 566*a - 2825. What is f(5)?
5
Let n(g) = g**3 + 12*g**2 + g - 249. What is n(-9)?
-15
Let u(d) = -15022*d + 300436. Give u(20).
-4
Let z(x) = -2212*x - 11045. Give z(-5).
15
Let q(d) = -d**3 - 10*d**2 - 12*d - 7. Calculate q(-10).
113
Let n(s) = -s**2 - 632*s + 7725. Determine n(12).
-3
Let v(f) = -2*f**2 - 302*f - 10797. Calculate v(-59).
59
Let b(r) = -3*r**2 - 29*r - 204. Give b(-9).
-186
Let r(i) = -3*i**2 - 76*i - 31. Calculate r(-25).
-6
Let z(x) = -x**3 + x**2 + 6*x + 12. Give z(-2).
12
Let k(q) = q**2 + 3*q + 2. What is k(-1)?
0
Let l(i) =